{"id":267,"date":"2023-05-01T17:43:58","date_gmt":"2023-05-01T17:43:58","guid":{"rendered":"https:\/\/besarkatuz.eus\/?page_id=267"},"modified":"2023-05-01T17:47:34","modified_gmt":"2023-05-01T17:47:34","slug":"feminismo","status":"publish","type":"page","link":"https:\/\/besarkatuz.eus\/?page_id=267","title":{"rendered":"Feminismo"},"content":{"rendered":"\n<p>Tenemos el aval de nuestra gesti\u00f3n en los \u00faltimos a\u00f1os que representa otra forma de abordar los desaf\u00edos. Y lo hemos hecho impregnando todas las pol\u00edticas de <strong>feminismo<\/strong>. De igualdad. Y lo vamos a seguir haciendo. Las mujeres somos la mitad de la poblaci\u00f3n vasca. No somos una identidad, ni un colectivo. Seguimos arrastrando enormes desigualdades.<\/p>\n\n\n\n<p>La violencia machista es su expresi\u00f3n m\u00e1s dram\u00e1tica. Mujeres de todas las edades y condiciones, porque la <strong>violencia machista <\/strong>(hay que repetirlo) es una violencia estructural. Nuestras ciudades y nuestros pueblos tienen que ser ciudades y pueblos \u201cpor la igualdad\u201d. Deben ser espacio de vida y convivencia para las mujeres, un espacio de libertad, seguridad y dignidad para las mujeres.<\/p>\n\n\n\n<figure class=\"wp-block-embed is-type-video is-provider-youtube wp-block-embed-youtube wp-embed-aspect-16-9 wp-has-aspect-ratio\"><div class=\"wp-block-embed__wrapper\">\n<div class=\"nv-iframe-embed\"><iframe loading=\"lazy\" title=\"Teresa Laespada. xBizkaia. Feminismo\" width=\"1200\" height=\"675\" src=\"https:\/\/www.youtube.com\/embed\/si84EEXy5Zc?feature=oembed\" frameborder=\"0\" allow=\"accelerometer; autoplay; clipboard-write; encrypted-media; gyroscope; picture-in-picture; web-share\" allowfullscreen><\/iframe><\/div>\n<\/div><\/figure>\n","protected":false},"excerpt":{"rendered":"<p>Tenemos el aval de nuestra gesti\u00f3n en los \u00faltimos a\u00f1os que representa otra forma de abordar los desaf\u00edos. Y lo hemos hecho impregnando todas las pol\u00edticas de feminismo. De igualdad. Y lo vamos a seguir haciendo. Las mujeres somos la mitad de la poblaci\u00f3n vasca. No somos una identidad, ni un colectivo. Seguimos arrastrando enormes&hellip;&nbsp;<a href=\"https:\/\/besarkatuz.eus\/?page_id=267\" class=\"\" rel=\"bookmark\">Leer m\u00e1s &raquo;<span class=\"screen-reader-text\">Feminismo<\/span><\/a><\/p>\n","protected":false},"author":2,"featured_media":0,"parent":230,"menu_order":7,"comment_status":"closed","ping_status":"closed","template":"","meta":{"neve_meta_sidebar":"","neve_meta_container":"","neve_meta_enable_content_width":"","neve_meta_content_width":0,"neve_meta_title_alignment":"","neve_meta_author_avatar":"","neve_post_elements_order":"","neve_meta_disable_header":"","neve_meta_disable_footer":"","neve_meta_disable_title":""},"_links":{"self":[{"href":"https:\/\/besarkatuz.eus\/index.php?rest_route=\/wp\/v2\/pages\/267"}],"collection":[{"href":"https:\/\/besarkatuz.eus\/index.php?rest_route=\/wp\/v2\/pages"}],"about":[{"href":"https:\/\/besarkatuz.eus\/index.php?rest_route=\/wp\/v2\/types\/page"}],"author":[{"embeddable":true,"href":"https:\/\/besarkatuz.eus\/index.php?rest_route=\/wp\/v2\/users\/2"}],"replies":[{"embeddable":true,"href":"https:\/\/besarkatuz.eus\/index.php?rest_route=%2Fwp%2Fv2%2Fcomments&post=267"}],"version-history":[{"count":2,"href":"https:\/\/besarkatuz.eus\/index.php?rest_route=\/wp\/v2\/pages\/267\/revisions"}],"predecessor-version":[{"id":269,"href":"https:\/\/besarkatuz.eus\/index.php?rest_route=\/wp\/v2\/pages\/267\/revisions\/269"}],"up":[{"embeddable":true,"href":"https:\/\/besarkatuz.eus\/index.php?rest_route=\/wp\/v2\/pages\/230"}],"wp:attachment":[{"href":"https:\/\/besarkatuz.eus\/index.php?rest_route=%2Fwp%2Fv2%2Fmedia&parent=267"}],"curies":[{"name":"wp","href":"https:\/\/api.w.org\/{rel}","templated":true}]}}

<p>Tenemos el aval de nuestra gestión en los últimos años que representa otra forma de abordar los desafíos. Y lo hemos hecho impregnando todas las políticas de <strong>feminismo</strong>. De igualdad. Y lo vamos a seguir haciendo. Las mujeres somos la mitad de la población vasca. No somos una identidad, ni un colectivo. Seguimos arrastrando enormes desigualdades.</p>



<p>La violencia machista es su expresión más dramática. Mujeres de todas las edades y condiciones, porque la <strong>violencia machista </strong>(hay que repetirlo) es una violencia estructural. Nuestras ciudades y nuestros pueblos tienen que ser ciudades y pueblos “por la igualdad”. Deben ser espacio de vida y convivencia para las mujeres, un espacio de libertad, seguridad y dignidad para las mujeres.</p>



<figure class="wp-block-embed is-type-video is-provider-youtube wp-block-embed-youtube wp-embed-aspect-16-9 wp-has-aspect-ratio"><div class="wp-block-embed__wrapper">
<div class="nv-iframe-embed"><iframe loading="lazy" title="Teresa Laespada. xBizkaia. Feminismo" width="1200" height="675" src="https://www.youtube.com/embed/si84EEXy5Zc?feature=oembed" frameborder="0" allow="accelerometer; autoplay; clipboard-write; encrypted-media; gyroscope; picture-in-picture; web-share" allowfullscreen></iframe></div>
</div></figure>

<p>Tenemos el aval de nuestra gestión en los últimos años que representa otra forma de abordar los desafíos. Y lo hemos hecho impregnando todas las políticas de feminismo. De igualdad. Y lo vamos a seguir haciendo. Las mujeres somos la mitad de la población vasca. No somos una identidad, ni un colectivo. Seguimos arrastrando enormes&hellip;&nbsp;<a href="https://besarkatuz.eus/?page_id=267" class="" rel="bookmark">Leer más &raquo;<span class="screen-reader-text">Feminismo</span></a></p>
