{"id":251,"date":"2023-05-01T17:10:37","date_gmt":"2023-05-01T17:10:37","guid":{"rendered":"https:\/\/besarkatuz.eus\/?page_id=251"},"modified":"2023-05-01T17:19:27","modified_gmt":"2023-05-01T17:19:27","slug":"medio-ambiente","status":"publish","type":"page","link":"https:\/\/besarkatuz.eus\/?page_id=251","title":{"rendered":"Medio ambiente"},"content":{"rendered":"\n<p><strong>Habitar mejor<\/strong>. Bizkaia necesita una apuesta transversal por la lucha contra la emergencia clim\u00e1tica y la <strong>transici\u00f3n ecol\u00f3gica<\/strong> y energ\u00e9tica justa. Bizkaia tiene mucho que hacer en materia medio ambiental y es nececesrio incorporar la <strong>pol\u00edtica verde<\/strong> y la pol\u00edtica energ\u00e9tica en el epicentro del futuro gobierno socialista. Tenemos competencias en dos materias claves: gesti\u00f3n de espacios naturales y movilidad. El objetivo es trabajar por generar un territorio ecol\u00f3gicamente sostenible.<\/p>\n\n\n\n<p>En ese sentido es necesario, favorecer la transformaci\u00f3n de nuestro modelo productivo. Pasar de un modelo lineal a un modelo circular. Aprovechar la oportunidad que nos abre el pacto verde europeo para favorecer la reindustrializaci\u00f3n de Bizkaia con empresas limpias e innovadoras. Algunas de estas medidas ser\u00e1n:<\/p>\n\n\n\n<ul>\n<li>Aprobaci\u00f3n de un<strong> plan de econom\u00eda<\/strong> circular con acciones y medidas concretas que favorezcan un nuevo modelo econ\u00f3mico m\u00e1s sostenible y resiliente.<\/li>\n\n\n\n<li>Apuesta por las energ\u00edas renovables y desarrollo de un programa concreto de <strong>comunidades energ\u00e9ticas<\/strong>.<\/li>\n\n\n\n<li>Desarrollar un <strong>sistema de movilidad inclusivo y sostenible<\/strong><\/li>\n<\/ul>\n\n\n\n<p>La sostenibilidad pasa de manera imprescindible por una apuesta por la cohesi\u00f3n territorial y social.<\/p>\n\n\n\n<figure class=\"wp-block-embed is-type-video is-provider-youtube wp-block-embed-youtube wp-embed-aspect-16-9 wp-has-aspect-ratio\"><div class=\"wp-block-embed__wrapper\">\n<div class=\"nv-iframe-embed\"><iframe loading=\"lazy\" title=\"Teresa Laespada. xBizkaia. Medio ambiente\" width=\"1200\" height=\"675\" src=\"https:\/\/www.youtube.com\/embed\/gcWugBecYEQ?feature=oembed\" frameborder=\"0\" allow=\"accelerometer; autoplay; clipboard-write; encrypted-media; gyroscope; picture-in-picture; web-share\" allowfullscreen><\/iframe><\/div>\n<\/div><\/figure>\n","protected":false},"excerpt":{"rendered":"<p>Habitar mejor. Bizkaia necesita una apuesta transversal por la lucha contra la emergencia clim\u00e1tica y la transici\u00f3n ecol\u00f3gica y energ\u00e9tica justa. Bizkaia tiene mucho que hacer en materia medio ambiental y es nececesrio incorporar la pol\u00edtica verde y la pol\u00edtica energ\u00e9tica en el epicentro del futuro gobierno socialista. Tenemos competencias en dos materias claves: gesti\u00f3n&hellip;&nbsp;<a href=\"https:\/\/besarkatuz.eus\/?page_id=251\" class=\"\" rel=\"bookmark\">Leer m\u00e1s &raquo;<span class=\"screen-reader-text\">Medio ambiente<\/span><\/a><\/p>\n","protected":false},"author":2,"featured_media":0,"parent":230,"menu_order":4,"comment_status":"closed","ping_status":"closed","template":"","meta":{"neve_meta_sidebar":"","neve_meta_container":"","neve_meta_enable_content_width":"","neve_meta_content_width":0,"neve_meta_title_alignment":"","neve_meta_author_avatar":"","neve_post_elements_order":"","neve_meta_disable_header":"","neve_meta_disable_footer":"","neve_meta_disable_title":""},"_links":{"self":[{"href":"https:\/\/besarkatuz.eus\/index.php?rest_route=\/wp\/v2\/pages\/251"}],"collection":[{"href":"https:\/\/besarkatuz.eus\/index.php?rest_route=\/wp\/v2\/pages"}],"about":[{"href":"https:\/\/besarkatuz.eus\/index.php?rest_route=\/wp\/v2\/types\/page"}],"author":[{"embeddable":true,"href":"https:\/\/besarkatuz.eus\/index.php?rest_route=\/wp\/v2\/users\/2"}],"replies":[{"embeddable":true,"href":"https:\/\/besarkatuz.eus\/index.php?rest_route=%2Fwp%2Fv2%2Fcomments&post=251"}],"version-history":[{"count":3,"href":"https:\/\/besarkatuz.eus\/index.php?rest_route=\/wp\/v2\/pages\/251\/revisions"}],"predecessor-version":[{"id":256,"href":"https:\/\/besarkatuz.eus\/index.php?rest_route=\/wp\/v2\/pages\/251\/revisions\/256"}],"up":[{"embeddable":true,"href":"https:\/\/besarkatuz.eus\/index.php?rest_route=\/wp\/v2\/pages\/230"}],"wp:attachment":[{"href":"https:\/\/besarkatuz.eus\/index.php?rest_route=%2Fwp%2Fv2%2Fmedia&parent=251"}],"curies":[{"name":"wp","href":"https:\/\/api.w.org\/{rel}","templated":true}]}}

<p><strong>Habitar mejor</strong>. Bizkaia necesita una apuesta transversal por la lucha contra la emergencia climática y la <strong>transición ecológica</strong> y energética justa. Bizkaia tiene mucho que hacer en materia medio ambiental y es nececesrio incorporar la <strong>política verde</strong> y la política energética en el epicentro del futuro gobierno socialista. Tenemos competencias en dos materias claves: gestión de espacios naturales y movilidad. El objetivo es trabajar por generar un territorio ecológicamente sostenible.</p>



<p>En ese sentido es necesario, favorecer la transformación de nuestro modelo productivo. Pasar de un modelo lineal a un modelo circular. Aprovechar la oportunidad que nos abre el pacto verde europeo para favorecer la reindustrialización de Bizkaia con empresas limpias e innovadoras. Algunas de estas medidas serán:</p>



<ul>
<li>Aprobación de un<strong> plan de economía</strong> circular con acciones y medidas concretas que favorezcan un nuevo modelo económico más sostenible y resiliente.</li>



<li>Apuesta por las energías renovables y desarrollo de un programa concreto de <strong>comunidades energéticas</strong>.</li>



<li>Desarrollar un <strong>sistema de movilidad inclusivo y sostenible</strong></li>
</ul>



<p>La sostenibilidad pasa de manera imprescindible por una apuesta por la cohesión territorial y social.</p>



<figure class="wp-block-embed is-type-video is-provider-youtube wp-block-embed-youtube wp-embed-aspect-16-9 wp-has-aspect-ratio"><div class="wp-block-embed__wrapper">
<div class="nv-iframe-embed"><iframe loading="lazy" title="Teresa Laespada. xBizkaia. Medio ambiente" width="1200" height="675" src="https://www.youtube.com/embed/gcWugBecYEQ?feature=oembed" frameborder="0" allow="accelerometer; autoplay; clipboard-write; encrypted-media; gyroscope; picture-in-picture; web-share" allowfullscreen></iframe></div>
</div></figure>

<p>Habitar mejor. Bizkaia necesita una apuesta transversal por la lucha contra la emergencia climática y la transición ecológica y energética justa. Bizkaia tiene mucho que hacer en materia medio ambiental y es nececesrio incorporar la política verde y la política energética en el epicentro del futuro gobierno socialista. Tenemos competencias en dos materias claves: gestión&hellip;&nbsp;<a href="https://besarkatuz.eus/?page_id=251" class="" rel="bookmark">Leer más &raquo;<span class="screen-reader-text">Medio ambiente</span></a></p>
