{"id":247,"date":"2023-05-01T17:00:12","date_gmt":"2023-05-01T17:00:12","guid":{"rendered":"https:\/\/besarkatuz.eus\/?page_id=247"},"modified":"2023-05-01T17:06:09","modified_gmt":"2023-05-01T17:06:09","slug":"economia","status":"publish","type":"page","link":"https:\/\/besarkatuz.eus\/?page_id=247","title":{"rendered":"Econom\u00eda"},"content":{"rendered":"\n<p>Y tenemos que hacer de Bizkaia del <strong>conocimiento<\/strong>, innovadora, de aprendizaje continuo, de <strong>recualificaci\u00f3n<\/strong>, una Bizkaia que trabaje por la incorporaci\u00f3n a su modelo productivo el conjunto del talento diverso y plural con el que contamos: Mujeres, personas migrantes, personas con discapacidad, j\u00f3venes y mayores.<\/p>\n\n\n\n<p>Desgrano <strong>cinco medidas<\/strong> inmediatas que tomaremos en el \u00e1mbito econ\u00f3mico como respuesta al reto demogr\u00e1fico y a la triple transici\u00f3n desde la apuesta por la Sostenibilidad:<\/p>\n\n\n\n<ul>\n<li>Constituir un <strong>holding interinstitucional, empresarial y social<\/strong> que tenga como objetivo generar los instrumentos necesarios para recuperar la centralidad <strong>financiera<\/strong> de Bizkaia y la apuesta por el sector industrial, por su diversificaci\u00f3n y la generaci\u00f3n de industria innovadora ligada a los avances tecnol\u00f3gicos, energ\u00e9ticos y verdes y de la salud.<\/li>\n\n\n\n<li>Aumentar la <strong>inversi\u00f3n en I+D+I un 5%<\/strong> en cada presupuesto para alcanzar la media europea.<\/li>\n\n\n\n<li>Desarrollar un programa de <strong>acompa\u00f1amiento a las PYMES<\/strong> que favorezca la transici\u00f3n tecnol\u00f3gica y digital y verde y energ\u00e9tica del conjunto del tejido productivo de Bizkaia.<\/li>\n\n\n\n<li>Liderar un pacto, en el que se integren las universidades, los centros de formaci\u00f3n profesional, el tejido empresarial y el conjunto de instituciones para aprobar el <strong>segundo plan de empleo de Bizkaia<\/strong> que tenga como objetivo la incorporaci\u00f3n laboral del talento plural y diverso con el contamos, el desarrollo econ\u00f3mico y la prosperidad inclusiva. Retener y atraer talento.<\/li>\n\n\n\n<li>Desarrollar un programa de <strong>turismo industrial <\/strong>que ponga en valor nuestra historia minera y sider\u00fargica y nuestra apuesta por la industria.<\/li>\n<\/ul>\n\n\n\n<figure class=\"wp-block-embed is-type-video is-provider-youtube wp-block-embed-youtube wp-embed-aspect-16-9 wp-has-aspect-ratio\"><div class=\"wp-block-embed__wrapper\">\n<div class=\"nv-iframe-embed\"><iframe loading=\"lazy\" title=\"Teresa Laespada. xBizkaia. Econom\u00eda\" width=\"1200\" height=\"675\" src=\"https:\/\/www.youtube.com\/embed\/rfOgk-p4ZWk?feature=oembed\" frameborder=\"0\" allow=\"accelerometer; autoplay; clipboard-write; encrypted-media; gyroscope; picture-in-picture; web-share\" allowfullscreen><\/iframe><\/div>\n<\/div><\/figure>\n","protected":false},"excerpt":{"rendered":"<p>Y tenemos que hacer de Bizkaia del conocimiento, innovadora, de aprendizaje continuo, de recualificaci\u00f3n, una Bizkaia que trabaje por la incorporaci\u00f3n a su modelo productivo el conjunto del talento diverso y plural con el que contamos: Mujeres, personas migrantes, personas con discapacidad, j\u00f3venes y mayores. Desgrano cinco medidas inmediatas que tomaremos en el \u00e1mbito econ\u00f3mico&hellip;&nbsp;<a href=\"https:\/\/besarkatuz.eus\/?page_id=247\" class=\"\" rel=\"bookmark\">Leer m\u00e1s &raquo;<span class=\"screen-reader-text\">Econom\u00eda<\/span><\/a><\/p>\n","protected":false},"author":2,"featured_media":0,"parent":230,"menu_order":3,"comment_status":"closed","ping_status":"closed","template":"","meta":{"neve_meta_sidebar":"","neve_meta_container":"","neve_meta_enable_content_width":"","neve_meta_content_width":0,"neve_meta_title_alignment":"","neve_meta_author_avatar":"","neve_post_elements_order":"","neve_meta_disable_header":"","neve_meta_disable_footer":"","neve_meta_disable_title":""},"_links":{"self":[{"href":"https:\/\/besarkatuz.eus\/index.php?rest_route=\/wp\/v2\/pages\/247"}],"collection":[{"href":"https:\/\/besarkatuz.eus\/index.php?rest_route=\/wp\/v2\/pages"}],"about":[{"href":"https:\/\/besarkatuz.eus\/index.php?rest_route=\/wp\/v2\/types\/page"}],"author":[{"embeddable":true,"href":"https:\/\/besarkatuz.eus\/index.php?rest_route=\/wp\/v2\/users\/2"}],"replies":[{"embeddable":true,"href":"https:\/\/besarkatuz.eus\/index.php?rest_route=%2Fwp%2Fv2%2Fcomments&post=247"}],"version-history":[{"count":2,"href":"https:\/\/besarkatuz.eus\/index.php?rest_route=\/wp\/v2\/pages\/247\/revisions"}],"predecessor-version":[{"id":249,"href":"https:\/\/besarkatuz.eus\/index.php?rest_route=\/wp\/v2\/pages\/247\/revisions\/249"}],"up":[{"embeddable":true,"href":"https:\/\/besarkatuz.eus\/index.php?rest_route=\/wp\/v2\/pages\/230"}],"wp:attachment":[{"href":"https:\/\/besarkatuz.eus\/index.php?rest_route=%2Fwp%2Fv2%2Fmedia&parent=247"}],"curies":[{"name":"wp","href":"https:\/\/api.w.org\/{rel}","templated":true}]}}

Economía

<p>Y tenemos que hacer de Bizkaia del <strong>conocimiento</strong>, innovadora, de aprendizaje continuo, de <strong>recualificación</strong>, una Bizkaia que trabaje por la incorporación a su modelo productivo el conjunto del talento diverso y plural con el que contamos: Mujeres, personas migrantes, personas con discapacidad, jóvenes y mayores.</p>



<p>Desgrano <strong>cinco medidas</strong> inmediatas que tomaremos en el ámbito económico como respuesta al reto demográfico y a la triple transición desde la apuesta por la Sostenibilidad:</p>



<ul>
<li>Constituir un <strong>holding interinstitucional, empresarial y social</strong> que tenga como objetivo generar los instrumentos necesarios para recuperar la centralidad <strong>financiera</strong> de Bizkaia y la apuesta por el sector industrial, por su diversificación y la generación de industria innovadora ligada a los avances tecnológicos, energéticos y verdes y de la salud.</li>



<li>Aumentar la <strong>inversión en I+D+I un 5%</strong> en cada presupuesto para alcanzar la media europea.</li>



<li>Desarrollar un programa de <strong>acompañamiento a las PYMES</strong> que favorezca la transición tecnológica y digital y verde y energética del conjunto del tejido productivo de Bizkaia.</li>



<li>Liderar un pacto, en el que se integren las universidades, los centros de formación profesional, el tejido empresarial y el conjunto de instituciones para aprobar el <strong>segundo plan de empleo de Bizkaia</strong> que tenga como objetivo la incorporación laboral del talento plural y diverso con el contamos, el desarrollo económico y la prosperidad inclusiva. Retener y atraer talento.</li>



<li>Desarrollar un programa de <strong>turismo industrial </strong>que ponga en valor nuestra historia minera y siderúrgica y nuestra apuesta por la industria.</li>
</ul>



<figure class="wp-block-embed is-type-video is-provider-youtube wp-block-embed-youtube wp-embed-aspect-16-9 wp-has-aspect-ratio"><div class="wp-block-embed__wrapper">
<div class="nv-iframe-embed"><iframe loading="lazy" title="Teresa Laespada. xBizkaia. Economía" width="1200" height="675" src="https://www.youtube.com/embed/rfOgk-p4ZWk?feature=oembed" frameborder="0" allow="accelerometer; autoplay; clipboard-write; encrypted-media; gyroscope; picture-in-picture; web-share" allowfullscreen></iframe></div>
</div></figure>

<p>Y tenemos que hacer de Bizkaia del conocimiento, innovadora, de aprendizaje continuo, de recualificación, una Bizkaia que trabaje por la incorporación a su modelo productivo el conjunto del talento diverso y plural con el que contamos: Mujeres, personas migrantes, personas con discapacidad, jóvenes y mayores. Desgrano cinco medidas inmediatas que tomaremos en el ámbito económico&hellip;&nbsp;<a href="https://besarkatuz.eus/?page_id=247" class="" rel="bookmark">Leer más &raquo;<span class="screen-reader-text">Economía</span></a></p>
