{"id":243,"date":"2023-05-01T16:49:27","date_gmt":"2023-05-01T16:49:27","guid":{"rendered":"https:\/\/besarkatuz.eus\/?page_id=243"},"modified":"2023-05-01T16:56:04","modified_gmt":"2023-05-01T16:56:04","slug":"industria","status":"publish","type":"page","link":"https:\/\/besarkatuz.eus\/?page_id=243","title":{"rendered":"Industria"},"content":{"rendered":"\n<p><strong>Crecer mejor<\/strong>. Bizkaia tiene que recuperar la fortaleza econ\u00f3mica, financiera e industrial con la que hemos contado a lo largo de la historia para poder garantizar el futuro, una sociedad cohesionada de prosperidad.<\/p>\n\n\n\n<p><strong>Reindustrializar Bizkaia<\/strong>. Tenemos instrumentos y fortaleza como Territorio para liderar este proceso. Debemos poner en valor nuestras \u201ccampeonas ocultas\u201d, esas empresas de titanio, ajenas al foco medi\u00e1tico, <strong>empresas industriales que hacen bien las cosas<\/strong>, competitivas, en nichos globales, tecnificadas y fuertemente vinculadas al territorio.<\/p>\n\n\n\n<p>Debemos apostar por sectores punteros como biofarmacia, tecnolog\u00eda biom\u00e9dica, los semiconductores, las renovables o la transformaci\u00f3n de la automoci\u00f3n. Defender nuestra industria es imprescindible para defender al conjunto de sectores, servicios, comercio, hosteler\u00eda y para generar un modelo econ\u00f3mico m\u00e1s resiliente.<\/p>\n\n\n\n<figure class=\"wp-block-embed is-type-video is-provider-youtube wp-block-embed-youtube wp-embed-aspect-16-9 wp-has-aspect-ratio\"><div class=\"wp-block-embed__wrapper\">\n<div class=\"nv-iframe-embed\"><iframe loading=\"lazy\" title=\"Teresa Laespada. xBizkaia. Industria\" width=\"1200\" height=\"675\" src=\"https:\/\/www.youtube.com\/embed\/-A7pZNh7StQ?feature=oembed\" frameborder=\"0\" allow=\"accelerometer; autoplay; clipboard-write; encrypted-media; gyroscope; picture-in-picture; web-share\" allowfullscreen><\/iframe><\/div>\n<\/div><\/figure>\n","protected":false},"excerpt":{"rendered":"<p>Crecer mejor. Bizkaia tiene que recuperar la fortaleza econ\u00f3mica, financiera e industrial con la que hemos contado a lo largo de la historia para poder garantizar el futuro, una sociedad cohesionada de prosperidad. Reindustrializar Bizkaia. Tenemos instrumentos y fortaleza como Territorio para liderar este proceso. Debemos poner en valor nuestras \u201ccampeonas ocultas\u201d, esas empresas de&hellip;&nbsp;<a href=\"https:\/\/besarkatuz.eus\/?page_id=243\" class=\"\" rel=\"bookmark\">Leer m\u00e1s &raquo;<span class=\"screen-reader-text\">Industria<\/span><\/a><\/p>\n","protected":false},"author":2,"featured_media":0,"parent":230,"menu_order":2,"comment_status":"closed","ping_status":"closed","template":"","meta":{"neve_meta_sidebar":"","neve_meta_container":"","neve_meta_enable_content_width":"","neve_meta_content_width":0,"neve_meta_title_alignment":"","neve_meta_author_avatar":"","neve_post_elements_order":"","neve_meta_disable_header":"","neve_meta_disable_footer":"","neve_meta_disable_title":""},"_links":{"self":[{"href":"https:\/\/besarkatuz.eus\/index.php?rest_route=\/wp\/v2\/pages\/243"}],"collection":[{"href":"https:\/\/besarkatuz.eus\/index.php?rest_route=\/wp\/v2\/pages"}],"about":[{"href":"https:\/\/besarkatuz.eus\/index.php?rest_route=\/wp\/v2\/types\/page"}],"author":[{"embeddable":true,"href":"https:\/\/besarkatuz.eus\/index.php?rest_route=\/wp\/v2\/users\/2"}],"replies":[{"embeddable":true,"href":"https:\/\/besarkatuz.eus\/index.php?rest_route=%2Fwp%2Fv2%2Fcomments&post=243"}],"version-history":[{"count":2,"href":"https:\/\/besarkatuz.eus\/index.php?rest_route=\/wp\/v2\/pages\/243\/revisions"}],"predecessor-version":[{"id":245,"href":"https:\/\/besarkatuz.eus\/index.php?rest_route=\/wp\/v2\/pages\/243\/revisions\/245"}],"up":[{"embeddable":true,"href":"https:\/\/besarkatuz.eus\/index.php?rest_route=\/wp\/v2\/pages\/230"}],"wp:attachment":[{"href":"https:\/\/besarkatuz.eus\/index.php?rest_route=%2Fwp%2Fv2%2Fmedia&parent=243"}],"curies":[{"name":"wp","href":"https:\/\/api.w.org\/{rel}","templated":true}]}}