{"id":233,"date":"2023-05-01T16:38:24","date_gmt":"2023-05-01T16:38:24","guid":{"rendered":"https:\/\/besarkatuz.eus\/?page_id=233"},"modified":"2023-05-01T16:40:08","modified_gmt":"2023-05-01T16:40:08","slug":"experiencia","status":"publish","type":"page","link":"https:\/\/besarkatuz.eus\/?page_id=233","title":{"rendered":"Experiencia"},"content":{"rendered":"\n<p>Me presento ante ustedes con la experiencia y el bagaje de haber formado parte de los dos \u00faltimos <strong>gobiernos de la Diputaci\u00f3n de Bizkaia<\/strong>, de haber gestionado la complejidad y la incertidumbre y en ese contexto haber incorporado a la Agenda prioritaria de Gobierno la defensa del empleo estable y de calidad, la Igualdad entre hombres y mujeres, las pol\u00edticas de inclusi\u00f3n social, de cooperaci\u00f3n al desarrollo, de diversidad y tambi\u00e9n, con mucho esfuerzo socialista, la apuesta por el transporte p\u00fablico como elemento de cohesi\u00f3n social.<\/p>\n\n\n\n<p>Indudablemente vivimos \u00e9poca de cambios y transiciones. Pero estos retos no se pueden afrontar ni con discursos apocal\u00edpticos ni con autocomplacencia nacionalista.<\/p>\n\n\n\n<p>Hace falta un <strong>nuevo liderazgo fuerte, valiente, ambicioso pero te\u00f1ido de sensatez<\/strong> para no perder los principios fundacionales de la Europa que somos hoy, desde par\u00e1metros de equidad y justicia social.<\/p>\n\n\n\n<figure class=\"wp-block-embed is-type-video is-provider-youtube wp-block-embed-youtube wp-embed-aspect-16-9 wp-has-aspect-ratio\"><div class=\"wp-block-embed__wrapper\">\n<div class=\"nv-iframe-embed\"><iframe loading=\"lazy\" title=\"Teresa Laespada. xBizkaia. Experiencia\" width=\"1200\" height=\"675\" src=\"https:\/\/www.youtube.com\/embed\/fZ1fGSwkVAY?feature=oembed\" frameborder=\"0\" allow=\"accelerometer; autoplay; clipboard-write; encrypted-media; gyroscope; picture-in-picture; web-share\" allowfullscreen><\/iframe><\/div>\n<\/div><\/figure>\n","protected":false},"excerpt":{"rendered":"<p>Me presento ante ustedes con la experiencia y el bagaje de haber formado parte de los dos \u00faltimos gobiernos de la Diputaci\u00f3n de Bizkaia, de haber gestionado la complejidad y la incertidumbre y en ese contexto haber incorporado a la Agenda prioritaria de Gobierno la defensa del empleo estable y de calidad, la Igualdad entre&hellip;&nbsp;<a href=\"https:\/\/besarkatuz.eus\/?page_id=233\" class=\"\" rel=\"bookmark\">Leer m\u00e1s &raquo;<span class=\"screen-reader-text\">Experiencia<\/span><\/a><\/p>\n","protected":false},"author":2,"featured_media":0,"parent":230,"menu_order":1,"comment_status":"closed","ping_status":"closed","template":"","meta":{"neve_meta_sidebar":"","neve_meta_container":"","neve_meta_enable_content_width":"","neve_meta_content_width":0,"neve_meta_title_alignment":"","neve_meta_author_avatar":"","neve_post_elements_order":"","neve_meta_disable_header":"","neve_meta_disable_footer":"","neve_meta_disable_title":""},"_links":{"self":[{"href":"https:\/\/besarkatuz.eus\/index.php?rest_route=\/wp\/v2\/pages\/233"}],"collection":[{"href":"https:\/\/besarkatuz.eus\/index.php?rest_route=\/wp\/v2\/pages"}],"about":[{"href":"https:\/\/besarkatuz.eus\/index.php?rest_route=\/wp\/v2\/types\/page"}],"author":[{"embeddable":true,"href":"https:\/\/besarkatuz.eus\/index.php?rest_route=\/wp\/v2\/users\/2"}],"replies":[{"embeddable":true,"href":"https:\/\/besarkatuz.eus\/index.php?rest_route=%2Fwp%2Fv2%2Fcomments&post=233"}],"version-history":[{"count":3,"href":"https:\/\/besarkatuz.eus\/index.php?rest_route=\/wp\/v2\/pages\/233\/revisions"}],"predecessor-version":[{"id":237,"href":"https:\/\/besarkatuz.eus\/index.php?rest_route=\/wp\/v2\/pages\/233\/revisions\/237"}],"up":[{"embeddable":true,"href":"https:\/\/besarkatuz.eus\/index.php?rest_route=\/wp\/v2\/pages\/230"}],"wp:attachment":[{"href":"https:\/\/besarkatuz.eus\/index.php?rest_route=%2Fwp%2Fv2%2Fmedia&parent=233"}],"curies":[{"name":"wp","href":"https:\/\/api.w.org\/{rel}","templated":true}]}}

<p>Me presento ante ustedes con la experiencia y el bagaje de haber formado parte de los dos últimos <strong>gobiernos de la Diputación de Bizkaia</strong>, de haber gestionado la complejidad y la incertidumbre y en ese contexto haber incorporado a la Agenda prioritaria de Gobierno la defensa del empleo estable y de calidad, la Igualdad entre hombres y mujeres, las políticas de inclusión social, de cooperación al desarrollo, de diversidad y también, con mucho esfuerzo socialista, la apuesta por el transporte público como elemento de cohesión social.</p>



<p>Indudablemente vivimos época de cambios y transiciones. Pero estos retos no se pueden afrontar ni con discursos apocalípticos ni con autocomplacencia nacionalista.</p>



<p>Hace falta un <strong>nuevo liderazgo fuerte, valiente, ambicioso pero teñido de sensatez</strong> para no perder los principios fundacionales de la Europa que somos hoy, desde parámetros de equidad y justicia social.</p>



<figure class="wp-block-embed is-type-video is-provider-youtube wp-block-embed-youtube wp-embed-aspect-16-9 wp-has-aspect-ratio"><div class="wp-block-embed__wrapper">
<div class="nv-iframe-embed"><iframe loading="lazy" title="Teresa Laespada. xBizkaia. Experiencia" width="1200" height="675" src="https://www.youtube.com/embed/fZ1fGSwkVAY?feature=oembed" frameborder="0" allow="accelerometer; autoplay; clipboard-write; encrypted-media; gyroscope; picture-in-picture; web-share" allowfullscreen></iframe></div>
</div></figure>

<p>Me presento ante ustedes con la experiencia y el bagaje de haber formado parte de los dos últimos gobiernos de la Diputación de Bizkaia, de haber gestionado la complejidad y la incertidumbre y en ese contexto haber incorporado a la Agenda prioritaria de Gobierno la defensa del empleo estable y de calidad, la Igualdad entre&hellip;&nbsp;<a href="https://besarkatuz.eus/?page_id=233" class="" rel="bookmark">Leer más &raquo;<span class="screen-reader-text">Experiencia</span></a></p>
