{"id":230,"date":"2023-05-01T16:27:26","date_gmt":"2023-05-01T16:27:26","guid":{"rendered":"https:\/\/besarkatuz.eus\/?page_id=230"},"modified":"2023-05-01T18:39:14","modified_gmt":"2023-05-01T18:39:14","slug":"xbizkaia","status":"publish","type":"page","link":"https:\/\/besarkatuz.eus\/?page_id=230","title":{"rendered":"xBizkaia"},"content":{"rendered":"\n<p>Bizkaia necesita un nuevo liderazgo. Necesita menos inercias y menos autocomplacencia, m\u00e1s vitalidad, m\u00e1s mestizaje, m\u00e1s modernidad. En definitiva, <strong>Bizkaia necesita un liderazgo transformador que coloque los derechos forales al servicio de las personas<\/strong>. Al servicio de una sociedad m\u00e1s pr\u00f3spera, inclusiva y fuerte econ\u00f3micamente. Teresa Laespada ofrece conocimiento acumulado, saber hacer ilusi\u00f3n y mi pasi\u00f3n por Bizkaia. Acompa\u00f1ada por un equipo de personas conocedoras de la realidad y comprometidas con los valores de libertad, igualdad y justicia social.<\/p>\n\n\n\n<figure class=\"wp-block-embed is-type-video is-provider-youtube wp-block-embed-youtube wp-embed-aspect-16-9 wp-has-aspect-ratio\"><div class=\"wp-block-embed__wrapper\">\n<div class=\"nv-iframe-embed\"><iframe loading=\"lazy\" title=\"Teresa Laespada. xBizkaia. Nuevo liderazgo para Bizkaia\" width=\"1200\" height=\"675\" src=\"https:\/\/www.youtube.com\/embed\/avxgK_SIJuU?feature=oembed\" frameborder=\"0\" allow=\"accelerometer; autoplay; clipboard-write; encrypted-media; gyroscope; picture-in-picture; web-share\" allowfullscreen><\/iframe><\/div>\n<\/div><\/figure>\n\n\n\n<div style=\"height:43px\" aria-hidden=\"true\" class=\"wp-block-spacer\"><\/div>\n\n\n\n<div class=\"is-layout-flex wp-container-3 wp-block-columns\">\n<div class=\"is-layout-flow wp-block-column\">\n<figure class=\"wp-block-embed is-type-video is-provider-youtube wp-block-embed-youtube wp-embed-aspect-16-9 wp-has-aspect-ratio\"><div class=\"wp-block-embed__wrapper\">\n<div class=\"nv-iframe-embed\"><iframe loading=\"lazy\" title=\"Teresa Laespada. xBizkaia. Industria\" width=\"1200\" height=\"675\" src=\"https:\/\/www.youtube.com\/embed\/-A7pZNh7StQ?feature=oembed\" frameborder=\"0\" allow=\"accelerometer; autoplay; clipboard-write; encrypted-media; gyroscope; picture-in-picture; web-share\" allowfullscreen><\/iframe><\/div>\n<\/div><figcaption class=\"wp-element-caption\"><strong>Industria<\/strong><\/figcaption><\/figure>\n<\/div>\n\n\n\n<div class=\"is-layout-flow wp-block-column\">\n<figure class=\"wp-block-embed is-type-video is-provider-youtube wp-block-embed-youtube wp-embed-aspect-16-9 wp-has-aspect-ratio\"><div class=\"wp-block-embed__wrapper\">\n<div class=\"nv-iframe-embed\"><iframe loading=\"lazy\" title=\"Teresa Laespada. xBizkaia. Econom\u00eda\" width=\"1200\" height=\"675\" src=\"https:\/\/www.youtube.com\/embed\/rfOgk-p4ZWk?feature=oembed\" frameborder=\"0\" allow=\"accelerometer; autoplay; clipboard-write; encrypted-media; gyroscope; picture-in-picture; web-share\" allowfullscreen><\/iframe><\/div>\n<\/div><figcaption class=\"wp-element-caption\"><strong>Econom\u00eda<\/strong><\/figcaption><\/figure>\n<\/div>\n<\/div>\n\n\n\n<div class=\"is-layout-flex wp-container-6 wp-block-columns\">\n<div class=\"is-layout-flow wp-block-column\">\n<figure class=\"wp-block-embed is-type-video is-provider-youtube wp-block-embed-youtube wp-embed-aspect-16-9 wp-has-aspect-ratio\"><div class=\"wp-block-embed__wrapper\">\n<div class=\"nv-iframe-embed\"><iframe loading=\"lazy\" title=\"Teresa Laespada. xBizkaia. Medio ambiente\" width=\"1200\" height=\"675\" src=\"https:\/\/www.youtube.com\/embed\/gcWugBecYEQ?feature=oembed\" frameborder=\"0\" allow=\"accelerometer; autoplay; clipboard-write; encrypted-media; gyroscope; picture-in-picture; web-share\" allowfullscreen><\/iframe><\/div>\n<\/div><figcaption class=\"wp-element-caption\"><strong>Medio ambiente<\/strong><\/figcaption><\/figure>\n<\/div>\n\n\n\n<div class=\"is-layout-flow wp-block-column\">\n<figure class=\"wp-block-embed is-type-video is-provider-youtube wp-block-embed-youtube wp-embed-aspect-16-9 wp-has-aspect-ratio\"><div class=\"wp-block-embed__wrapper\">\n<div class=\"nv-iframe-embed\"><iframe loading=\"lazy\" title=\"Teresa Laespada. xBizkaia. Infraestructuras\" width=\"1200\" height=\"675\" src=\"https:\/\/www.youtube.com\/embed\/1oY-xxSHOWI?feature=oembed\" frameborder=\"0\" allow=\"accelerometer; autoplay; clipboard-write; encrypted-media; gyroscope; picture-in-picture; web-share\" allowfullscreen><\/iframe><\/div>\n<\/div><figcaption class=\"wp-element-caption\"><strong>Infraestructuras<\/strong><\/figcaption><\/figure>\n<\/div>\n<\/div>\n\n\n\n<div class=\"is-layout-flex wp-container-9 wp-block-columns\">\n<div class=\"is-layout-flow wp-block-column\">\n<figure class=\"wp-block-embed is-type-video is-provider-youtube wp-block-embed-youtube wp-embed-aspect-16-9 wp-has-aspect-ratio\"><div class=\"wp-block-embed__wrapper\">\n<div class=\"nv-iframe-embed\"><iframe loading=\"lazy\" title=\"Teresa Laespada. xBizkaia. Servicios sociales\" width=\"1200\" height=\"675\" src=\"https:\/\/www.youtube.com\/embed\/IPFnJBV3HpE?feature=oembed\" frameborder=\"0\" allow=\"accelerometer; autoplay; clipboard-write; encrypted-media; gyroscope; picture-in-picture; web-share\" allowfullscreen><\/iframe><\/div>\n<\/div><figcaption class=\"wp-element-caption\"><strong>Servicios sociales<\/strong><\/figcaption><\/figure>\n<\/div>\n\n\n\n<div class=\"is-layout-flow wp-block-column\">\n<figure class=\"wp-block-embed is-type-video is-provider-youtube wp-block-embed-youtube wp-embed-aspect-16-9 wp-has-aspect-ratio\"><div class=\"wp-block-embed__wrapper\">\n<div class=\"nv-iframe-embed\"><iframe loading=\"lazy\" title=\"Teresa Laespada. xBizkaia. Feminismo\" width=\"1200\" height=\"675\" src=\"https:\/\/www.youtube.com\/embed\/si84EEXy5Zc?feature=oembed\" frameborder=\"0\" allow=\"accelerometer; autoplay; clipboard-write; encrypted-media; gyroscope; picture-in-picture; web-share\" allowfullscreen><\/iframe><\/div>\n<\/div><figcaption class=\"wp-element-caption\"><strong>Feminismo<\/strong><\/figcaption><\/figure>\n<\/div>\n<\/div>\n\n\n\n<div class=\"is-layout-flex wp-container-12 wp-block-columns\">\n<div class=\"is-layout-flow wp-block-column\">\n<figure class=\"wp-block-embed is-type-video is-provider-youtube wp-block-embed-youtube wp-embed-aspect-16-9 wp-has-aspect-ratio\"><div class=\"wp-block-embed__wrapper\">\n<div class=\"nv-iframe-embed\"><iframe loading=\"lazy\" title=\"Teresa Laespada. xBizkaia. Fiscalidad\" width=\"1200\" height=\"675\" src=\"https:\/\/www.youtube.com\/embed\/TJLSg0686WY?feature=oembed\" frameborder=\"0\" allow=\"accelerometer; autoplay; clipboard-write; encrypted-media; gyroscope; picture-in-picture; web-share\" allowfullscreen><\/iframe><\/div>\n<\/div><figcaption class=\"wp-element-caption\"><strong>Fiscalidad<\/strong><\/figcaption><\/figure>\n<\/div>\n\n\n\n<div class=\"is-layout-flow wp-block-column\">\n<figure class=\"wp-block-embed is-type-video is-provider-youtube wp-block-embed-youtube wp-embed-aspect-16-9 wp-has-aspect-ratio\"><div class=\"wp-block-embed__wrapper\">\n<div class=\"nv-iframe-embed\"><iframe loading=\"lazy\" title=\"Teresa Laespada. xBizkaia. Experiencia\" width=\"1200\" height=\"675\" src=\"https:\/\/www.youtube.com\/embed\/fZ1fGSwkVAY?feature=oembed\" frameborder=\"0\" allow=\"accelerometer; autoplay; clipboard-write; encrypted-media; gyroscope; picture-in-picture; web-share\" allowfullscreen><\/iframe><\/div>\n<\/div><figcaption class=\"wp-element-caption\"><strong>Experiencia<\/strong><\/figcaption><\/figure>\n<\/div>\n<\/div>\n","protected":false},"excerpt":{"rendered":"<p>Bizkaia necesita un nuevo liderazgo. Necesita menos inercias y menos autocomplacencia, m\u00e1s vitalidad, m\u00e1s mestizaje, m\u00e1s modernidad. En definitiva, Bizkaia necesita un liderazgo transformador que coloque los derechos forales al servicio de las personas. Al servicio de una sociedad m\u00e1s pr\u00f3spera, inclusiva y fuerte econ\u00f3micamente. Teresa Laespada ofrece conocimiento acumulado, saber hacer ilusi\u00f3n y mi&hellip;&nbsp;<a href=\"https:\/\/besarkatuz.eus\/?page_id=230\" class=\"\" rel=\"bookmark\">Leer m\u00e1s &raquo;<span class=\"screen-reader-text\">xBizkaia<\/span><\/a><\/p>\n","protected":false},"author":2,"featured_media":0,"parent":0,"menu_order":0,"comment_status":"closed","ping_status":"closed","template":"","meta":{"neve_meta_sidebar":"","neve_meta_container":"","neve_meta_enable_content_width":"","neve_meta_content_width":0,"neve_meta_title_alignment":"","neve_meta_author_avatar":"","neve_post_elements_order":"","neve_meta_disable_header":"","neve_meta_disable_footer":"","neve_meta_disable_title":""},"_links":{"self":[{"href":"https:\/\/besarkatuz.eus\/index.php?rest_route=\/wp\/v2\/pages\/230"}],"collection":[{"href":"https:\/\/besarkatuz.eus\/index.php?rest_route=\/wp\/v2\/pages"}],"about":[{"href":"https:\/\/besarkatuz.eus\/index.php?rest_route=\/wp\/v2\/types\/page"}],"author":[{"embeddable":true,"href":"https:\/\/besarkatuz.eus\/index.php?rest_route=\/wp\/v2\/users\/2"}],"replies":[{"embeddable":true,"href":"https:\/\/besarkatuz.eus\/index.php?rest_route=%2Fwp%2Fv2%2Fcomments&post=230"}],"version-history":[{"count":18,"href":"https:\/\/besarkatuz.eus\/index.php?rest_route=\/wp\/v2\/pages\/230\/revisions"}],"predecessor-version":[{"id":297,"href":"https:\/\/besarkatuz.eus\/index.php?rest_route=\/wp\/v2\/pages\/230\/revisions\/297"}],"wp:attachment":[{"href":"https:\/\/besarkatuz.eus\/index.php?rest_route=%2Fwp%2Fv2%2Fmedia&parent=230"}],"curies":[{"name":"wp","href":"https:\/\/api.w.org\/{rel}","templated":true}]}}

<p>Bizkaia necesita un nuevo liderazgo. Necesita menos inercias y menos autocomplacencia, más vitalidad, más mestizaje, más modernidad. En definitiva, <strong>Bizkaia necesita un liderazgo transformador que coloque los derechos forales al servicio de las personas</strong>. Al servicio de una sociedad más próspera, inclusiva y fuerte económicamente. Teresa Laespada ofrece conocimiento acumulado, saber hacer ilusión y mi pasión por Bizkaia. Acompañada por un equipo de personas conocedoras de la realidad y comprometidas con los valores de libertad, igualdad y justicia social.</p>



<figure class="wp-block-embed is-type-video is-provider-youtube wp-block-embed-youtube wp-embed-aspect-16-9 wp-has-aspect-ratio"><div class="wp-block-embed__wrapper">
<div class="nv-iframe-embed"><iframe loading="lazy" title="Teresa Laespada. xBizkaia. Nuevo liderazgo para Bizkaia" width="1200" height="675" src="https://www.youtube.com/embed/avxgK_SIJuU?feature=oembed" frameborder="0" allow="accelerometer; autoplay; clipboard-write; encrypted-media; gyroscope; picture-in-picture; web-share" allowfullscreen></iframe></div>
</div></figure>



<div style="height:43px" aria-hidden="true" class="wp-block-spacer"></div>



<div class="is-layout-flex wp-container-3 wp-block-columns">
<div class="is-layout-flow wp-block-column">
<figure class="wp-block-embed is-type-video is-provider-youtube wp-block-embed-youtube wp-embed-aspect-16-9 wp-has-aspect-ratio"><div class="wp-block-embed__wrapper">
<div class="nv-iframe-embed"><iframe loading="lazy" title="Teresa Laespada. xBizkaia. Industria" width="1200" height="675" src="https://www.youtube.com/embed/-A7pZNh7StQ?feature=oembed" frameborder="0" allow="accelerometer; autoplay; clipboard-write; encrypted-media; gyroscope; picture-in-picture; web-share" allowfullscreen></iframe></div>
</div><figcaption class="wp-element-caption"><strong>Industria</strong></figcaption></figure>
</div>



<div class="is-layout-flow wp-block-column">
<figure class="wp-block-embed is-type-video is-provider-youtube wp-block-embed-youtube wp-embed-aspect-16-9 wp-has-aspect-ratio"><div class="wp-block-embed__wrapper">
<div class="nv-iframe-embed"><iframe loading="lazy" title="Teresa Laespada. xBizkaia. Economía" width="1200" height="675" src="https://www.youtube.com/embed/rfOgk-p4ZWk?feature=oembed" frameborder="0" allow="accelerometer; autoplay; clipboard-write; encrypted-media; gyroscope; picture-in-picture; web-share" allowfullscreen></iframe></div>
</div><figcaption class="wp-element-caption"><strong>Economía</strong></figcaption></figure>
</div>
</div>



<div class="is-layout-flex wp-container-6 wp-block-columns">
<div class="is-layout-flow wp-block-column">
<figure class="wp-block-embed is-type-video is-provider-youtube wp-block-embed-youtube wp-embed-aspect-16-9 wp-has-aspect-ratio"><div class="wp-block-embed__wrapper">
<div class="nv-iframe-embed"><iframe loading="lazy" title="Teresa Laespada. xBizkaia. Medio ambiente" width="1200" height="675" src="https://www.youtube.com/embed/gcWugBecYEQ?feature=oembed" frameborder="0" allow="accelerometer; autoplay; clipboard-write; encrypted-media; gyroscope; picture-in-picture; web-share" allowfullscreen></iframe></div>
</div><figcaption class="wp-element-caption"><strong>Medio ambiente</strong></figcaption></figure>
</div>



<div class="is-layout-flow wp-block-column">
<figure class="wp-block-embed is-type-video is-provider-youtube wp-block-embed-youtube wp-embed-aspect-16-9 wp-has-aspect-ratio"><div class="wp-block-embed__wrapper">
<div class="nv-iframe-embed"><iframe loading="lazy" title="Teresa Laespada. xBizkaia. Infraestructuras" width="1200" height="675" src="https://www.youtube.com/embed/1oY-xxSHOWI?feature=oembed" frameborder="0" allow="accelerometer; autoplay; clipboard-write; encrypted-media; gyroscope; picture-in-picture; web-share" allowfullscreen></iframe></div>
</div><figcaption class="wp-element-caption"><strong>Infraestructuras</strong></figcaption></figure>
</div>
</div>



<div class="is-layout-flex wp-container-9 wp-block-columns">
<div class="is-layout-flow wp-block-column">
<figure class="wp-block-embed is-type-video is-provider-youtube wp-block-embed-youtube wp-embed-aspect-16-9 wp-has-aspect-ratio"><div class="wp-block-embed__wrapper">
<div class="nv-iframe-embed"><iframe loading="lazy" title="Teresa Laespada. xBizkaia. Servicios sociales" width="1200" height="675" src="https://www.youtube.com/embed/IPFnJBV3HpE?feature=oembed" frameborder="0" allow="accelerometer; autoplay; clipboard-write; encrypted-media; gyroscope; picture-in-picture; web-share" allowfullscreen></iframe></div>
</div><figcaption class="wp-element-caption"><strong>Servicios sociales</strong></figcaption></figure>
</div>



<div class="is-layout-flow wp-block-column">
<figure class="wp-block-embed is-type-video is-provider-youtube wp-block-embed-youtube wp-embed-aspect-16-9 wp-has-aspect-ratio"><div class="wp-block-embed__wrapper">
<div class="nv-iframe-embed"><iframe loading="lazy" title="Teresa Laespada. xBizkaia. Feminismo" width="1200" height="675" src="https://www.youtube.com/embed/si84EEXy5Zc?feature=oembed" frameborder="0" allow="accelerometer; autoplay; clipboard-write; encrypted-media; gyroscope; picture-in-picture; web-share" allowfullscreen></iframe></div>
</div><figcaption class="wp-element-caption"><strong>Feminismo</strong></figcaption></figure>
</div>
</div>



<div class="is-layout-flex wp-container-12 wp-block-columns">
<div class="is-layout-flow wp-block-column">
<figure class="wp-block-embed is-type-video is-provider-youtube wp-block-embed-youtube wp-embed-aspect-16-9 wp-has-aspect-ratio"><div class="wp-block-embed__wrapper">
<div class="nv-iframe-embed"><iframe loading="lazy" title="Teresa Laespada. xBizkaia. Fiscalidad" width="1200" height="675" src="https://www.youtube.com/embed/TJLSg0686WY?feature=oembed" frameborder="0" allow="accelerometer; autoplay; clipboard-write; encrypted-media; gyroscope; picture-in-picture; web-share" allowfullscreen></iframe></div>
</div><figcaption class="wp-element-caption"><strong>Fiscalidad</strong></figcaption></figure>
</div>



<div class="is-layout-flow wp-block-column">
<figure class="wp-block-embed is-type-video is-provider-youtube wp-block-embed-youtube wp-embed-aspect-16-9 wp-has-aspect-ratio"><div class="wp-block-embed__wrapper">
<div class="nv-iframe-embed"><iframe loading="lazy" title="Teresa Laespada. xBizkaia. Experiencia" width="1200" height="675" src="https://www.youtube.com/embed/fZ1fGSwkVAY?feature=oembed" frameborder="0" allow="accelerometer; autoplay; clipboard-write; encrypted-media; gyroscope; picture-in-picture; web-share" allowfullscreen></iframe></div>
</div><figcaption class="wp-element-caption"><strong>Experiencia</strong></figcaption></figure>
</div>
</div>

<p>Bizkaia necesita un nuevo liderazgo. Necesita menos inercias y menos autocomplacencia, más vitalidad, más mestizaje, más modernidad. En definitiva, Bizkaia necesita un liderazgo transformador que coloque los derechos forales al servicio de las personas. Al servicio de una sociedad más próspera, inclusiva y fuerte económicamente. Teresa Laespada ofrece conocimiento acumulado, saber hacer ilusión y mi&hellip;&nbsp;<a href="https://besarkatuz.eus/?page_id=230" class="" rel="bookmark">Leer más &raquo;<span class="screen-reader-text">xBizkaia</span></a></p>
